 - 1. What is p(b)?
-1
Let i(b) be the first derivative of b**4/4 - 5*b**3/3 + 5*b**2/2 - 4*b + 127. What is i(4)?
0
Suppose -5*f = -5*m + 50, -f - f = 4*m - 10. Let z = 9 - m. Suppose -z = 2*t - 10. Let l(g) = -5*g. Calculate l(t).
-15
Suppose 8*y - 11*y - s = -2, -2*y - s = -1. Let b(l) = -14*l**3 + l**2. Calculate b(y).
-13
Let g(a) be the third derivative of -a**4/24 - 11*a**3/2 - 18*a**2 + 5*a. Give g(0).
-33
Let l(q) = -9*q - 15. Let d be l(-2). Let h(v) = -3*v - 14*v + 21*v - d. Suppose 3*z = -2*z + 3*n + 7, -3 = -3*z + 3*n. Calculate h(z).
5
Let c(p) = p**3 - p**2 - 4*p - 3. Suppose 0 = -11*b - 329 + 87. Let l(i) = -i**3 - 23*i**2 - 22*i - 2. Let j be l(b). Determine c(j).
-7
Let o(b) = -b**2 + b + 9. Let y(p) = 31*p - 252. Let i be y(8). What is o(i)?
-11
Let p(l) = l**2 - l - 1. Let j be 2/(-3)*2*(-78)/4. Let c = j - 26. What is p(c)?
-1
Suppose -82 = 4*j - 2*a, 2*j - 4*a + 16 + 34 = 0. Let p(i) = 3*i + 61. Determine p(j).
4
Let f(w) = -w + 1. Let i be 31/(-2) - (-15)/(-10). Let a = -15 - i. Suppose 7 = -a*h + 19. Give f(h).
-5
Let w(i) = i + 3*i + i - 6*i. Let v(r) = 1. Let z(k) = v(k) + 6*w(k). Determine z(-1).
7
Suppose p - 5*p = 0. Suppose p = -0*k - k + 1. Let h(n) = -2*n + 8*n + 3*n - 1 + n. What is h(k)?
9
Let j(u) be the first derivative of u**5/60 + u**4/4 + 3*u**3/2 + 3*u**2/2 + 7. Let m(o) be the second derivative of j(o). What is m(-6)?
9
Let p be (42/12)/((-1)/4). Let l = -19 - p. Let c(d) = d**2 + 4*d - 1. What is c(l)?
4
Let z(b) be the third derivative of -b**5/60 - b**4/4 + b**3 - 77*b**2. Determine z(5).
-49
Let u be ((-12)/(-14))/((-2)/(-14)). Suppose 3 + u = -3*y. Let t(r) = -502*r**2 + 120*r**2 - 3 + 130*r**2 + 127*r**2 + 3*r + 126*r**2. Give t(y).
-3
Let l be 1 - ((-2 - 0) + 5). Suppose -26 - 6 = -16*c. Let m(w) = -49 + 98 + 4*w**c - 51. Determine m(l).
14
Let s(q) be the first derivative of q**4/4 - 3*q**3 - 11*q**2/2 + 13*q + 2. Let y be s(10). Let o(f) = -4 + 3 + f + 3*f**3 - 4*f**y + 6*f**2. What is o(6)?
5
Let s(x) = 13*x - 10*x - 12*x. Give s(-1).
9
Let a(p) = -3*p + 67 - 36 - p - 36. Determine a(-11).
39
Suppose 36 + 28 = 2*n. Suppose 2*x - 12 = -29*w + n*w, -4*w + 4*x = 20. Let b(a) be the third derivative of -a**6/120 - a**5/20 - a**4/12 + a**2. What is b(w)?
0
Let t(x) = x**3 + 5*x**2 + 5*x + 2. Let k = 177 - 126. Let r be -1*1 + k/(-17). Calculate t(r).
-2
Let x(r) = r**3 - 3*r**2 - 6*r + 4. Let f(t) = t**3 + 4*t**2 + 2*t + 8. Let b be f(-4). Suppose 9*m - 36 = -b*m. Determine x(m).
-4
Let s(r) be the third derivative of r**5/60 - 2*r**3/3 - 4*r**2. Suppose -5*n + b + 14 = -0*b, 15 = 4*n + 3*b. Give s(n).
5
Let w(a) = -1 - 47*a + 23*a + 13*a + 16*a. What is w(2)?
9
Let r(g) = g + 2 + 1 - 4. Let p = -4 + 30. Suppose -9*k - p = 1. What is r(k)?
-4
Let d be -2*(-7 + 7 + 2). Let h(u) = u**3 + 5*u**2 + 5*u + 1. What is h(d)?
-3
Let z be (-2 - 8)/(6 - (-1 - -9)). Suppose 4 = -4*d + 2*n, 2*n - 5 = z*d - 1. Let s(r) = -r + 1 + 13 + 0*r. Calculate s(d).
14
Suppose 0*j - 39*j + 39 = 0. Let z(n) = 4*n**2 - 4*n + 2. What is z(j)?
2
Let n(z) be the third derivative of -z**5/60 - 11*z**4/24 + 4*z**3 - 528*z**2. What is n(-13)?
-2
Let j be -1 - (4/4 + -9). Let o be j/(21/(-18))*1. Let f(n) = -n**2 - 5*n. Let d be f(o). Let r(p) = -p**3 - 7*p**2 - 5*p + 7. Give r(d).
1
Suppose -12 = -2*x - 2*d, 4*x - 5*d - 30 = -x. Let j(s) be the third derivative of 0 + 0*s - 1/10*s**5 + 1/120*s**6 + 0*s**4 - 43*s**2 + 2/3*s**3. What is j(x)?
4
Let t(z) = -2*z**3 - 21*z**2 + 5. Let g(p) = -p**3 - 10*p**2 + 3. Let h(u) = -5*g(u) + 2*t(u). Determine h(-8).
-5
Let h(u) be the second derivative of -u**4/12 + 4*u**3/3 - 3*u**2 - u + 72. Calculate h(5).
9
Let d(x) be the second derivative of 3*x**5/20 + x**4/6 + x**3/3 + x**2 - 43*x. Calculate d(-2).
-18
Suppose -2*c + l = 3*c - 114, -5*l - 108 = -4*c. Suppose 0 = 2*x + 5*d + 26, 2*x = -4*d + d - c. Let n(w) = w**2 + 7*w - 10. What is n(x)?
-2
Let d(h) = -2*h - 32 + 30 - h. Give d(-2).
4
Let c(m) = -2*m - 5. Let z = -7 + 9. Suppose 12 = -z*b + 5*b. Suppose 5*y = i + 2 + 3, 4*i + 20 = b*y. Calculate c(i).
5
Let h(k) = -6775 + 6771 - 5*k - 15*k**2 + 3*k**2. Determine h(-1).
-11
Let l(j) = -2*j + 24 - j + 5*j + 0. Let n be l(-15). Let a(h) = h**3 + 7*h**2 + 8*h + 6. Give a(n).
-6
Let d(h) = -h**2 + 16 + 5*h + 17 + 7 - 43. Let s(r) = -r**2 - 2*r + 1. Let f be s(-2). Let p be ((1 - -3) + f)*1. Calculate d(p).
-3
Let x(m) = -m**3 + 36*m**2 - 34*m - 30. Let g be x(35). Let k(p) = -p**3 + 4*p**2 + 4*p + 4. Give k(g).
-1
Let b be ((-9)/12)/((-1)/(-4))*-1. Let t be 4/((2/(-4))/(b/12)). Let w(q) = -q**3 + 2*q**2 + 1. Calculate w(t).
17
Let t(w) = 5*w**3 - 6*w**2 - 2*w + 8. Let b(l) = -6*l**3 + 6*l**2 + 2*l - 8. Let x(u) = -4*b(u) - 5*t(u). What is x(6)?
4
Let z(n) be the second derivative of n**5/10 + n**4/6 - n**3/3 + n**2/2 + 2*n - 2. Calculate z(1).
3
Let l(a) = 3*a**2 - 3*a + 2. Let r = 16 - 0. Suppose -4*y - 4*y = -r. Determine l(y).
8
Let l(o) = -3*o - 5. Let g(v) = -12*v - 11. Let d(r) = -23*r - 22. Let z(i) = 6*d(i) - 11*g(i). Let f(u) = -5*l(u) + 2*z(u). Calculate f(-2).
-3
Let m be 0/((4 - 8) + 2)*1. Let t(x) = -7 - 6*x + m + 2 + 5*x. What is t(-6)?
1
Let n be 4 + -1 + 2 + -1. Let u(j) = -j**2 + 3. Calculate u(n).
-13
Let i = -2714 + 162847/60. Let a(z) be the third derivative of 1/120*z**6 + 6*z**2 + 0 + 0*z + i*z**5 + 1/3*z**3 + 0*z**4. What is a(-7)?
2
Let z(y) = -3*y - 3. Let u(f) = f**3 + 17*f**2 - 3*f - 5. Let a be u(-17). Suppose 41*n - 25 = a*n. Give z(n).
12
Let l(m) = 4 + 4 + 3*m - 15 + 4*m - 4*m**2 + 3*m**2. Calculate l(6).
-1
Let o(b) = -b**2 + 2*b + 9. Let x be 4 + -3 + (6 - 3). Give o(x).
1
Let r(q) = -13*q + 22. Let a be r(4). Let d = 38 + a. Let y(w) = -w**3 + 7*w**2 + 10*w - 11. Determine y(d).
5
Suppose 2*h + 2*h = 0. Let c(k) be the first derivative of -k**3/6 + 2*k**2 - 2*k - 4. Let x(v) be the first derivative of c(v). Give x(h).
4
Let t(u) = -u - 23. Let q(c) = -1. Let g(w) = -2*q(w) + t(w). Let l be g(-14). Let m(p) = -p + 3. Give m(l).
10
Let i be 4 - 7/((-7)/(-2)). Suppose 5*w - 2*l - 15 = l, -3*w + 5*l + 9 = 0. Let k(x) = -x**2 - 6*x**2 - x**w - 5 - 3*x + x**i. Calculate k(-6).
13
Let s(o) be the second derivative of 0 + 0*o**2 - 29*o + 1/12*o**4 - 1/6*o**3. Give s(-2).
6
Let g(p) = -p**3 + 2*p**2 + 1. Let j(c) = 0*c - 5*c + 6*c + 3 + 1. Let w be j(-10). Let n be 9*((-14)/w - 2). Give g(n).
-8
Let m(s) = -s**2 - 4*s + 7. Let n(r) = r. Let b(h) = -h**3 - 5*h**2 + 5*h + 7. Let a(l) = -b(l) + 2*n(l). Let v be a(-5). Suppose v = -3*d - 10. Give m(d).
-5
Let c = -20 + 30. Let m(z) = 4 + 21*z - 10*z - c*z - 3. Determine m(3).
4
Let p(x) be the third derivative of x**5/6 + x**4/24 - x**3/6 - 47*x**2. Give p(1).
10
Let x = -4 - -2. Let r(a) be the first derivative of a**4/4 + a**3/3 - a**2/2 - 481. What is r(x)?
-2
Let p be (2/(-2))/((-1)/7). Let k(b) = 6*b**2 + 8*b**3 - 13*b**3 + 4*b**3 + 2*b - p. Suppose 0 = 2*w + 5*t - 32, 2*w = 3*w - t - 2. What is k(w)?
5
Let x(l) be the third derivative of l**4/12 + 844*l**2. Determine x(-6).
-12
Let k(f) = 4*f + 5*f - 16*f + 2*f + 6*f - 4. Suppose -30 = 5*q - 3*w, 4*q + w - 2 = -9. Let a = q - 0. Give k(a).
-7
Let x be -2 + ((-13)/(-15) - (-56)/420). Let i(p) be the first derivative of -4*p**2 - 2*p + 1. Let y be i(x). Let n(f) = f**2 - 8*f + 2. What is n(y)?
-10
Let i(p) = -2 + 2 + 7*p + p**2 + 1. Let r(g) = -g**2 + 21*g - 26. Let u be r(20). Give i(u).
-5
Let w(z) = 16*z - 1. Suppose -81 = -5*i + 44. Let c = -24 + i. What is w(c)?
15
Let x(c) = -5*c - 26. Let z(r) = -3*r - 17. Let w(f) = -5*x(f) + 8*z(f). Let q = -4 + 9. Determine w(q).
-1
Suppose -63*k + 40 + 86 = 0. Let c(z) be the second derivative of -1/6*z**3 + 3/2*z**k - 2*z + 0. Give c(3).
0
Let c(w) be the second derivative of -w**4/12 - 2*w**3/3 - 84*w. What is c(-4)?
0
Suppose -6 - 10 = -4*z. Suppose -5*q = -2*s + 37, -2*s + 2 = -0*q + 2*q. Let k(b) = s - 21 + 13 - b. Calculate k(z).
-6
Let k be (-804)/(-45) + (-4)/(-30). Let u = -14 + k. Let q(y) = -y**3 + 4*y**2 + 3*y - 4. Calculate q(u).
8
Let a(v) = -v**2 + 22*v - 48. Let j(p) = -p**3 + 2*p**2 + 10*p - 1. Let b be j(3). Give a(b).
-8
Let u(n) be the third derivative of -n**6/120 - n**5/6 - n**4/3 - 5*n**3/6 + n**2. Suppose -238 - 121 = 28*d - 107. What is u(d)?
-14
Suppose -29 = -5*q - 4. Let v(c) = -q*c**2 - 1